, 13
What are the prime factors of 46220?
2, 5, 2311
What are the prime factors of 2977?
13, 229
What are the prime factors of 5959?
59, 101
What are the prime factors of 247?
13, 19
What are the prime factors of 7503?
3, 41, 61
What are the prime factors of 32609?
32609
List the prime factors of 1459.
1459
List the prime factors of 21356.
2, 19, 281
List the prime factors of 1792.
2, 7
List the prime factors of 820.
2, 5, 41
List the prime factors of 13364.
2, 13, 257
List the prime factors of 21435.
3, 5, 1429
What are the prime factors of 159672?
2, 3, 6653
List the prime factors of 785.
5, 157
List the prime factors of 2375.
5, 19
List the prime factors of 2861.
2861
What are the prime factors of 8620?
2, 5, 431
List the prime factors of 774.
2, 3, 43
What are the prime factors of 2574?
2, 3, 11, 13
What are the prime factors of 5841?
3, 11, 59
What are the prime factors of 40613?
17, 2389
What are the prime factors of 72403?
17, 4259
List the prime factors of 30331.
7, 619
List the prime factors of 2264.
2, 283
List the prime factors of 21421.
31, 691
What are the prime factors of 9431?
9431
What are the prime factors of 2470?
2, 5, 13, 19
List the prime factors of 34994.
2, 17497
What are the prime factors of 1236?
2, 3, 103
List the prime factors of 29641.
29641
List the prime factors of 6488.
2, 811
List the prime factors of 98144.
2, 3067
List the prime factors of 394.
2, 197
What are the prime factors of 79146?
2, 3, 4397
List the prime factors of 5550.
2, 3, 5, 37
List the prime factors of 80.
2, 5
What are the prime factors of 42209?
42209
What are the prime factors of 3082?
2, 23, 67
List the prime factors of 132904.
2, 37, 449
What are the prime factors of 575?
5, 23
List the prime factors of 1634.
2, 19, 43
What are the prime factors of 15125?
5, 11
List the prime factors of 79070.
2, 5, 7907
List the prime factors of 2458.
2, 1229
List the prime factors of 12561.
3, 53, 79
What are the prime factors of 511?
7, 73
What are the prime factors of 1625?
5, 13
List the prime factors of 43576.
2, 13, 419
What are the prime factors of 288?
2, 3
What are the prime factors of 1230?
2, 3, 5, 41
What are the prime factors of 581?
7, 83
What are the prime factors of 22451?
11, 13, 157
List the prime factors of 1410.
2, 3, 5, 47
List the prime factors of 3013.
23, 131
What are the prime factors of 2760?
2, 3, 5, 23
What are the prime factors of 69950?
2, 5, 1399
List the prime factors of 884.
2, 13, 17
What are the prime factors of 532?
2, 7, 19
List the prime factors of 32018.
2, 7, 2287
What are the prime factors of 1374?
2, 3, 229
What are the prime factors of 2280?
2, 3, 5, 19
List the prime factors of 234.
2, 3, 13
List the prime factors of 3417.
3, 17, 67
List the prime factors of 11194.
2, 29, 193
What are the prime factors of 13027?
7, 1861
List the prime factors of 309.
3, 103
List the prime factors of 1017.
3, 113
What are the prime factors of 201676?
2, 127, 397
What are the prime factors of 2543?
2543
What are the prime factors of 76624?
2, 4789
What are the prime factors of 1210?
2, 5, 11
What are the prime factors of 232?
2, 29
What are the prime factors of 911?
911
List the prime factors of 2492.
2, 7, 89
List the prime factors of 490.
2, 5, 7
List the prime factors of 4012.
2, 17, 59
What are the prime factors of 536?
2, 67
What are the prime factors of 27802?
2, 13901
List the prime factors of 28847.
7, 13, 317
List the prime factors of 964.
2, 241
What are the prime factors of 4750?
2, 5, 19
List the prime factors of 14845.
5, 2969
List the prime factors of 120807.
3, 31, 433
What are the prime factors of 89441?
11, 47, 173
List the prime factors of 1512.
2, 3, 7
What are the prime factors of 4193?
7, 599
List the prime factors of 1262.
2, 631
What are the prime factors of 51356?
2, 37, 347
List the prime factors of 22514.
2, 11257
What are the prime factors of 12955?
5, 2591
List the prime factors of 1305.
3, 5, 29
What are the prime factors of 2380?
2, 5, 7, 17
What are the prime factors of 42?
2, 3, 7
What are the prime factors of 22272?
2, 3, 29
What are the prime factors of 15744?
2, 3, 41
List the prime factors of 580.
2, 5, 29
What are the prime factors of 889?
7, 127
List the prime factors of 7789.
7789
List the prime factors of 918.
2, 3, 17
List the prime factors of 24800.
2, 5, 31
What are the prime factors of 5268?
2, 3, 439
List the prime factors of 430.
2, 5, 43
What are the prime factors of 14058?
2, 3, 11, 71
List the prime factors of 606.
2, 3, 101
What are the prime factors of 8525?
5, 11, 31
What are the prime factors of 392?
2, 7
List the prime factors of 72611.
7, 11, 23, 41
List the prime factors of 65666.
2, 32833
What are the prime factors of 795?
3, 5, 53
List the prime factors of 769.
769
What are the prime factors of 1623?
3, 541
What are the prime factors of 26875?
5, 43
What are the prime factors of 26499?
3, 11, 73
What are the prime factors of 2239?
2239
List the prime factors of 6048.
2, 3, 7
List the prime factors of 3534.
2, 3, 19, 31
What are the prime factors of 86362?
2, 29, 1489
List the prime factors of 68.
2, 17
List the prime factors of 3561.
3, 1187
What are the prime factors of 15405?
3, 5, 13, 79
List the prime factors of 15922.
2, 19, 419
What are the prime factors of 9044?
2, 7, 17, 19
What are the prime factors of 1357?
23, 59
What are the prime factors of 17192?
2, 7, 307
What are the prime factors of 6986?
2, 7, 499
What are the prime factors of 706?
2, 353
List the prime factors of 50748.
2, 3, 4229
What are the prime factors of 2794?
2, 11, 127
What are the prime factors of 6650?
2, 5, 7, 19
List the prime factors of 532.
2, 7, 19
List the prime factors of 6137.
17, 19
What are the prime factors of 17578?
2, 11, 17, 47
List the prime factors of 797.
797
What are the prime factors of 24240?
2, 3, 5, 101
List the prime factors of 11693.
11, 1063
List the prime factors of 4022.
2, 2011
List the prime factors of 2931.
3, 977
What are the prime factors of 9525?
3, 5, 127
List the prime factors of 777.
3, 7, 37
List the prime factors of 22107.
3, 7369
What are the prime factors of 25681?
61, 421
List the prime factors of 789.
3, 263
List the prime factors of 1137.
3, 379
What are the prime factors of 94335?
3, 5, 19, 331
List the prime factors of 817.
19, 43
List the prime factors of 1208.
2, 151
List the prime factors of 1168.
2, 73
What are the prime factors of 3764?
2, 941
List the prime factors of 9028.
2, 37, 61
What are the prime factors of 16601?
13, 1277
List the prime factors of 308.
2, 7, 11
What are the prime factors of 3326?
2, 1663
List the prime factors of 457.
457
What are the prime factors of 3790?
2, 5, 379
What are the prime factors of 4185?
3, 5, 31
List the prime factors of 607.
607
What are the prime factors of 2511?
3, 31
List the prime factors of 1506.
2, 3, 251
List the prime factors of 11763.
3, 1307
What are the prime factors of 800?
2, 5
List the prime factors of 929.
929
List the prime factors of 176541.
3, 83, 709
What are the prime factors of 717?
3, 239
What are the prime factors of 86?
2, 43
What are the prime factors of 1739?
37, 47
What are the prime factors of 163?
163
List the prime factors of 6076.
2, 7, 31
List the prime factors of 4114.
2, 11, 17
What are the prime factors of 24263?
19, 1277
List the prime factors of 3639.
3, 1213
List the prime factors of 431.
431
List the prime factors of 754.
2, 13, 29
What are the prime factors of 888?
2, 3, 37
List the prime factors of 12409.
12409
What are the prime factors of 789?
3, 263
What are the prime factors of 5767?
73, 79
List the prime factors of 21808.
2, 29, 47
What are the prime factors of 14241?
3, 47, 101
List the prime factors of 2816.
2, 11
List the prime factors of 667.
23, 29
List the prime factors of 2187.
3
What are the prime factors of 1214?
2, 607
What are the prime factors of 33997?
33997
What are the prime factors of 39431?
7, 43, 131
List the prime factors of 25656.
2, 3, 1069
What are the prime factors of 46298?
2, 7, 3307
List the prime factors of 65412.
2, 3, 23, 79
What are the prime factors of 11359?
37, 307
What are the prime factors of 28749?
3, 7, 37
List the prime factors of 6342.
2, 3, 7, 151
What are the prime factors of 10722?
2, 3, 1787
List the prime factors